In base 6, what is 243 + -511?
-224
In base 14, what is -d21d - -18?
-d205
In base 9, what is -8017 + 55?
-7852
In base 14, what is 0 - -67d2?
67d2
In base 11, what is -4 - -a8069?
a8065
In base 2, what is -10010000111 - -1111110010?
-10010101
In base 11, what is -291 + -3461?
-3742
In base 14, what is -4 - 82b?
-831
In base 3, what is -2 - 120002112220?
-120002112222
In base 2, what is 10011010 - 110000011?
-11101001
In base 8, what is -3 - 137715?
-137720
In base 4, what is 223000 + -1201?
221133
In base 2, what is -100101010 - 10?
-100101100
In base 4, what is -10 - 320210103?
-320210113
In base 7, what is -30444 + -51?
-30525
In base 16, what is 2e89 - -2?
2e8b
In base 3, what is -11011001 - -2122011?
-1111220
In base 15, what is 15bca - 1a?
15bb0
In base 2, what is 1100010000011 + -100001001?
1011101111010
In base 11, what is -7908a - 4?
-79093
In base 5, what is -4 - 141132?
-141141
In base 9, what is -1077118 + -2?
-1077121
In base 2, what is -110110 + -1100010101?
-1101001011
In base 12, what is -886 - -14?
-872
In base 3, what is 0 - -110202000?
110202000
In base 16, what is -21 + bcd?
bac
In base 13, what is 5 - caa?
-ca5
In base 9, what is -4 - 7455?
-7460
In base 15, what is -6b - 97?
-113
In base 6, what is -122524 + -331?
-123255
In base 12, what is -3 - 3320?
-3323
In base 9, what is -346 + 73?
-263
In base 5, what is 102433 - -4?
102442
In base 8, what is 322141 + -7?
322132
In base 12, what is -3806a5 + 2?
-3806a3
In base 2, what is -111 - 101000010101?
-101000011100
In base 3, what is 1002100200201 - 12?
1002100200112
In base 4, what is -20 + -1301220?
-1301300
In base 8, what is 3 - -11345?
11350
In base 14, what is -49ba - -1?
-49b9
In base 9, what is 48 + -83073?
-83024
In base 16, what is -18934 + 0?
-18934
In base 7, what is -11434 - 4?
-11441
In base 14, what is 1235 - -3a?
1271
In base 15, what is -7b4 + 42?
-772
In base 15, what is -b95c + 1?
-b95b
In base 14, what is -3 + 5391?
538c
In base 2, what is 1010010 + 1000100010001?
1000101100011
In base 7, what is 1153666 + 3?
1154002
In base 12, what is 1 - 62a9?
-62a8
In base 10, what is 3 + 25336?
25339
In base 15, what is -1 - 435a?
-435b
In base 16, what is -9a - -18?
-82
In base 15, what is 30e7 + 5?
30ec
In base 12, what is 10 + -919?
-909
In base 13, what is -4 + -18875?
-18879
In base 8, what is 227714 - 1?
227713
In base 11, what is -151 - 51?
-1a2
In base 7, what is -354 - 262?
-646
In base 14, what is 501 + 9?
50a
In base 11, what is -17 + -34481?
-34498
In base 10, what is -4 - 53500?
-53504
In base 9, what is -2 - 11237?
-11240
In base 16, what is 88 + 17f4?
187c
In base 9, what is 324388 - -7?
324406
In base 10, what is 542 - 253?
289
In base 14, what is 2 - -29902?
29904
In base 15, what is -5 - -a92?
a8c
In base 13, what is 39 + -3a393?
-3a357
In base 7, what is -453 - -430?
-23
In base 14, what is 19cb08 + 2?
19cb0a
In base 14, what is -23a4d + -16?
-23a65
In base 2, what is 10 - -101101011?
101101101
In base 2, what is 101111100 - 10010100011?
-1100100111
In base 10, what is -8 - -331?
323
In base 15, what is -23c + 1849?
160c
In base 4, what is -1 - 23030022?
-23030023
In base 11, what is -6a68 + -40?
-6aa8
In base 3, what is 11 - -1221211122?
1221211210
In base 10, what is -5254196 + 2?
-5254194
In base 15, what is -18 - -54d?
535
In base 8, what is -14171 + -32?
-14223
In base 16, what is -33c - 2c?
-368
In base 6, what is -1033103 - -24?
-1033035
In base 13, what is 295 - -2?
297
In base 2, what is -11 + 1001110011001010?
1001110011000111
In base 9, what is 110 + -15132?
-15022
In base 11, what is 0 + -10621?
-10621
In base 8, what is 23 - -21207?
21232
In base 13, what is -1c592 - -2?
-1c590
In base 2, what is 11101101110011001 - 11?
11101101110010110
In base 8, what is 3 + -17743?
-17740
In base 6, what is 10033245 + 41?
10033330
In base 10, what is -15 + 20776?
20761
In base 6, what is -1435 - 142?
-2021
In base 6, what is 0 + 324253?
324253
In base 15, what is 674a + -25?
6725
In base 2, what is 10101001 - -11?
10101100
In base 11, what is 89 + -205?
-127
In base 10, what is -508 - 2983?
-3491
In base 9, what is 6731 - -82?
6823
In base 6, what is -55 - -2421?
2322
In base 6, what is 4 + 3103124?
3103132
In base 11, what is -4 + -16623?
-16627
In base 5, what is -12 + 320004?
314442
In base 11, what is 26 - -28a07?
28a32
In base 13, what is 60 - 6083?
-6023
In base 14, what is 0 - 1b58d?
-1b58d
In base 3, what is -12000200011 + -11?
-12000200022
In base 14, what is -3 + -6cd76?
-6cd79
In base 3, what is 100012 + 212?
101001
In base 11, what is -21727 - 2a?
-21756
In base 13, what is -5 + -219?
-221
In base 16, what is -3 - b8?
-bb
In base 4, what is 1301 - -11201003?
11202310
In base 4, what is -1212 + -1321330?
-1323202
In base 11, what is 1 - -64278?
64279
In base 13, what is -28 + 183?
158
In base 9, what is 1588572 + -5?
1588566
In base 11, what is 781471 - 2?
78146a
In base 14, what is c6a12 + 0?
c6a12
In base 3, what is 2122 - 20101?
-10202
In base 2, what is 10100 + -10011010101?
-10011000001
In base 8, what is 24 - 13330?
-13304
In base 15, what is -4d29 + -a?
-4d34
In base 11, what is 0 + 83a4?
83a4
In base 5, what is 2123104 + 4?
2123113
In base 4, what is -302212 - 210303?
-1113121
In base 2, what is 100111101110000 - -1000100?
100111110110100
In base 2, what is -11 + -10110010110101?
-10110010111000
In base 4, what is -11003020 + -131?
-11003211
In base 10, what is -10144 - 2?
-10146
In base 11, what is -1a - -598?
579
In base 16, what is 56d + e?
57b
In base 7, what is 564 + 332?
1226
In base 15, what is -129d + 0?
-129d
In base 7, what is -22 - 11540?
-11562
In base 12, what is 4a + 1929?
1977
In base 5, what is -10 - 24130?
-24140
In base 2, what is 0 - 10100001101000?
-10100001101000
In base 2, what is 10101101101 + -100001?
10101001100
In base 11, what is -11 - 4a21?
-4a32
In base 16, what is -6e11 - -d?
-6e04
In base 6, what is -215 - -554342?
554123
In base 13, what is -2 - 1703b6?
-1703b8
In base 5, what is 203 - 23343?
-23140
In base 7, what is -266125 - -5?
-266120
In base 11, what is 44020 - -3?
44023
In base 11, what is -286859 - -1?
-286858
In base 11, what is -133963 + 8?
-133956
In base 5, what is 2142021 - -10?
2142031
In base 5, what is 1421321 - -2?
1421323
In base 4, what is -33 - 1002121?
-1002220
In base 14, what is -29 - -16d5?
16aa
In base 7, what is 345 + 3000?
3345
In base 4, what is 10 - -121300?
121310
In base 10, what is -664 + -1103?
-1767
In base 6, what is -42242 - 5?
-42251
In base 2, what is 1000 - -101010110011?
101010111011
In base 5, what is -114444011 + -1?
-114444012
In base 6, what is -14 - -1011455?
1011441
In base 10, what is 61 + 821?
882
In base 11, what is 2717 - 382?
2345
In base 14, what is -23cb + -2?
-23cd
In base 8, what is -5 - -2331676?
2331671
In base 13, what is -20 + 621c?
61cc
In base 7, what is -63 - -26343?
26250
In base 14, what is 2265 + 63?
22c8
In base 7, what is -104516 + -12?
-104531
In base 8, what is -13 - 466?
-501
In base 14, what is 6 - 3a81?
-3a79
In base 11, what is -67695 + -1?
-67696
In base 10, what is 2394 + 43?
2437
In base 10, what is 3 - 2339?
-2336
In base 9, what is -162740 - -5?
-162734
In base 7, what is -4416551 - -2?
-4416546
In base 13, what is -11 + -7c38?
-7c49
In base 13, what is aa7a - -15?
aa92
In base 10, what is -1464624 + -4?
-1464628
In base 14, what is 6 + 18d3?
18d9
In base 8, what is 1 + 16574?
16575
In base 6, what is -4 + 1053211?
1053203
In base 8, what is -4 + 154336?
154332
In base 5, what is 2 + 13432131?
13432133
In base 4, what is 213 + -2122?
-1303
In base 4, what is 123 + -2023?
-1300
In base 14, what is -157b - -17?
-1564
In base 15, what is 8ae - 1?
8ad
In base 11, what is 1 - -22324?
22325
In base 9, what is 358 - 420?
-51
In base 13, what is 2 - 5a1c1?
-5a1bc
In base 13, what is -2729a - 9?
-272a6
In base 7, what is -145 - -1404?
1226
In base 5, what is 111233 + -24?
111204
In base 12, what is -9 - -295?
288
In base 15, what is 40 - 588a?
-584a
In base 7, what is -450 + -525?
-1305
In base 9, what is 337362 + 7?
337370
In base 13, what is -4 + 2769?
2765
In base 9, what is -17 + 2435?
2417
In base 12, what is -4 + 8a9?
8a5
In base 15, what is -a4c + -87?
-ad4
In base 9, what is -78582 + -7?
-78600
In base 12, what is 3 + 